{"id":753,"date":"2017-07-18T08:43:03","date_gmt":"2017-07-18T06:43:03","guid":{"rendered":"http:\/\/www.visualhumanities.org\/wordpress\/?page_id=753"},"modified":"2019-04-09T10:28:53","modified_gmt":"2019-04-09T08:28:53","slug":"consortium","status":"publish","type":"page","link":"https:\/\/www.urbanhistory4d.org\/wordpress\/consortium\/","title":{"rendered":"Consortium"},"content":{"rendered":"<table>\n<tbody>\n<tr>\n<td colspan=\"2\" align=\"center\" bgcolor=\"#C0C0C0\">Principal Investigators<\/td>\n<\/tr>\n<tr>\n<td align=\"center\"><a href=\"https:\/\/tu-dresden.de\"><img loading=\"lazy\" decoding=\"async\" class=\"size-medium wp-image-124 alignleft\" src=\"\/wordpress\/wp-content\/uploads\/tud_logo-300x132.png\" alt=\"tud_logo\" width=\"300\" height=\"132\" \/><\/a><\/td>\n<td align=\"center\"><a href=\"http:\/\/www.uni-wuerzburg.de\"><img loading=\"lazy\" decoding=\"async\" class=\"alignleft size-medium wp-image-125\" src=\"\/wordpress\/wp-content\/uploads\/1024px-Universit\u00e4t_W\u00fcrzburg_Logo.svg_-300x132.png\" alt=\"1024px-Universit\u00e4t_W\u00fcrzburg_Logo.svg\" width=\"300\" height=\"132\" \/><\/a><\/td>\n<tr>\n<td><a href=\"https:\/\/tu-dresden.de\/Members\/sander.muenster\/zu_meiner_person\"> Dr. phil. Sander M\u00fcnster<\/a><a href=\"http:\/\/tu-dresden.de\/die_tu_dresden\/zentrale_einrichtungen\/mz\"><br \/>\n<\/a><a href=\"http:\/\/tu-dresden.de\/die_tu_dresden\/zentrale_einrichtungen\/mz\">Media Centre TU Dresden<\/a><br \/>\n<a href=\"http:\/\/tu-dresden.de\/die_tu_dresden\/zentrale_einrichtungen\/mz\"><\/a>TU Dresden<br \/>\n01062 Dresden<\/td>\n<td><a href=\"http:\/\/www.hci.uni-wuerzburg.de\/people\/florian.html\">Prof. Dr.-Ing. Florian Niebling<\/a><br \/>\n<a href=\"http:\/\/www.hci.uni-wuerzburg.de\/\">Chair for Human-Computer Interaction<\/a><br \/>\nAm Hubland<br \/>\n97074 W\u00fcrzburg<\/td>\n<\/tr>\n<\/tbody>\n<\/table>\n<table>\n<tbody>\n<tr>\n<td colspan=\"2\" align=\"center\" bgcolor=\"#C0C0C0\">Consortium<\/td>\n<\/tr>\n<tr>\n<td align=\"center\"><a href=\"http:\/\/tu-dresden.de\/die_tu_dresden\/zentrale_einrichtungen\/mz\"><img loading=\"lazy\" decoding=\"async\" src=\"\/wordpress\/wp-content\/uploads\/medienzentrum.png\" width=\"144\" height=\"144\"><br \/>\n<span style=\"font-size: small; line-height: 20.0px;\">Media Centre, TU Dresden<\/span><\/a><\/td>\n<td align=\"center\"><a href=\"http:\/\/www.hci.uni-wuerzburg.de\"><img loading=\"lazy\" decoding=\"async\" src=\"\/wordpress\/wp-content\/uploads\/hci.png\" width=\"144\" height=\"144\"><br \/>\n<span style=\"font-size: small;\">Chair for Human-Computer Interaction, University of W\u00fcrzburg <\/span><\/a><\/td>\n<\/tr>\n<tr>\n<td align=\"center\"><a href=\"hhttps:\/\/tu-dresden.de\/bu\/umwelt\/geo\/ipf\/photogrammetrie\"><img loading=\"lazy\" decoding=\"async\" src=\"\/wordpress\/wp-content\/uploads\/ifp.png\" width=\"144\" height=\"144\"><br \/>\n<span style=\"font-size: small;\">Institute of Photogrammetry and Remote Sensing, TU Dresden (IPF)<\/span><\/a><\/td>\n<td align=\"center\"><a href=\"http:\/\/www.kunstgeschichte.uni-wuerzburg.de\"><img loading=\"lazy\" decoding=\"async\" src=\"\/wordpress\/wp-content\/uploads\/kunstgeschichte.png\" width=\"144\" height=\"144\"><br \/>\n<span style=\"font-size: small;\">Institut f\u00fcr Kunstgeschichte, University of W\u00fcrzburg<\/span><\/a><\/td>\n<\/tr>\n<tr>\n<td colspan=\"2\" align=\"center\"><a href=\"https:\/\/www.htw-dresden.de\"><img loading=\"lazy\" decoding=\"async\" src=\"\/wordpress\/wp-content\/uploads\/htw.png\" width=\"280\" height=\"144\"><br \/>\n<span style=\"font-size: small;\">Dresden University of Applied Sciences (HTW)<\/span><\/a><\/td>\n<\/tr>\n<tr>\n<td colspan=\"2\" align=\"center\"><a href=\"https:\/\/www.slub-dresden.de\"><img loading=\"lazy\" decoding=\"async\" src=\"\/wordpress\/wp-content\/uploads\/slub.png\" width=\"280\" height=\"144\"><br \/>\n<span style=\"font-size: small;\">Saxon State and University Library Dresden (SLUB)<\/span><\/a><\/td>\n<\/tr>\n<tr>\n<td colspan=\"2\" align=\"center\"><a href=\"http:\/\/www.schloesserland-sachsen.de\"><img loading=\"lazy\" decoding=\"async\" src=\"\/wordpress\/wp-content\/uploads\/schloesserland.png\" width=\"280\" height=\"144\"><br \/>\n<span style=\"font-size: small;\">Staatliche Schl\u00f6sser, Burgen und G\u00e4rten Sachsen gGmbH<\/span><\/a><\/td>\n<\/tr>\n<\/tbody>\n<\/table>\n","protected":false},"excerpt":{"rendered":"<p>Principal Investigators Dr. phil. Sander M\u00fcnster Media Centre TU Dresden TU Dresden 01062 Dresden Prof. Dr.-Ing. Florian Niebling Chair for Human-Computer Interaction Am Hubland 97074 W\u00fcrzburg Consortium Media Centre, TU Dresden Chair for Human-Computer Interaction, University of W\u00fcrzburg Institute of Photogrammetry and Remote Sensing, TU Dresden (IPF) Institut f\u00fcr Kunstgeschichte,&#8230;<\/p>\n<p> <a class=\"continue-reading-link\" href=\"https:\/\/www.urbanhistory4d.org\/wordpress\/consortium\/\"><span>Continue reading<\/span><i class=\"crycon-right-dir\"><\/i><\/a> <\/p>\n","protected":false},"author":7,"featured_media":0,"parent":0,"menu_order":0,"comment_status":"closed","ping_status":"closed","template":"","meta":{"footnotes":""},"class_list":["post-753","page","type-page","status-publish","hentry"],"_links":{"self":[{"href":"https:\/\/www.urbanhistory4d.org\/wordpress\/wp-json\/wp\/v2\/pages\/753","targetHints":{"allow":["GET"]}}],"collection":[{"href":"https:\/\/www.urbanhistory4d.org\/wordpress\/wp-json\/wp\/v2\/pages"}],"about":[{"href":"https:\/\/www.urbanhistory4d.org\/wordpress\/wp-json\/wp\/v2\/types\/page"}],"author":[{"embeddable":true,"href":"https:\/\/www.urbanhistory4d.org\/wordpress\/wp-json\/wp\/v2\/users\/7"}],"replies":[{"embeddable":true,"href":"https:\/\/www.urbanhistory4d.org\/wordpress\/wp-json\/wp\/v2\/comments?post=753"}],"version-history":[{"count":2,"href":"https:\/\/www.urbanhistory4d.org\/wordpress\/wp-json\/wp\/v2\/pages\/753\/revisions"}],"predecessor-version":[{"id":1750,"href":"https:\/\/www.urbanhistory4d.org\/wordpress\/wp-json\/wp\/v2\/pages\/753\/revisions\/1750"}],"wp:attachment":[{"href":"https:\/\/www.urbanhistory4d.org\/wordpress\/wp-json\/wp\/v2\/media?parent=753"}],"curies":[{"name":"wp","href":"https:\/\/api.w.org\/{rel}","templated":true}]}}